 981. Let c = u - h. Is c composite?
False
Let f be (-5859)/(-4) + 2/8. Suppose 16*p - 7986 + 7906 = 0. Suppose -p*z = 4*i - f, -2*z + 3*i - 1465 = -7*z. Is z a composite number?
False
Suppose -119*d - 1610514 = 35*d - 8172608. Is d a composite number?
False
Let m = -53 - -56. Let z(s) = -s + 3. Let c be z(m). Suppose 1281 = q + 2*v, -6349 = -5*q - c*v + 4*v. Is q composite?
True
Suppose 4*j - 426629 = -4*b + 240259, 333449 = 2*j - 3*b. Is j composite?
False
Let f(j) = -j**3 - 26*j**2 + 31*j + 110. Let b be f(-27). Suppose -x + 10507 = b*d, -82424 = -5*x - 4*d - 29919. Is x composite?
True
Let f(o) = 3*o**2 + 7*o - 23. Let q be f(4). Suppose -49*d + q*d = 15380. Is d a prime number?
False
Let k = 139909 + 21058. Is k composite?
False
Let s(p) be the third derivative of 14*p**6/3 + p**5/30 + p**4/8 + p**3/3 - 12*p**2. Let a be s(-1). Let b = -152 - a. Is b a prime number?
False
Is (-918902454)/(-4154) + ((-24)/124)/3 prime?
True
Let a(w) = -w**3 - 15*w**2 + 7*w + 27. Let n be a(-15). Let k = 80 + n. Is (-27)/18*k*-223 a prime number?
False
Let m(b) = -b**3 + 3*b**2 - b - 9. Let a be m(-4). Suppose 2110 = 6*v - 1454. Let g = a + v. Is g composite?
False
Let d(k) = -1192*k - 715. Is d(-3) a composite number?
False
Let y = 73 + -53. Suppose -y = 4*s + 12. Let o(l) = 49*l**2 + 8*l - 7. Is o(s) composite?
True
Let l = 14624 - 4327. Is l prime?
False
Let b be (-4 - (55/(-15) - 0))*-15. Suppose 0*s - r = s - 2386, -b*s - 2*r = -11945. Is s composite?
True
Suppose -k + 3*g + 27 = 0, 3*g - 63 = -12*k + 7*k. Suppose 0 = -k*f + 13212 + 2433. Is f prime?
False
Let f = 144537 + 1269410. Is f a composite number?
True
Let q(w) = 1215*w**2 + 5*w - 1. Let d(f) = -1216*f**2 - 5*f. Let x(h) = -5*d(h) - 4*q(h). Let s be x(-2). Is s/2 + -1 + 1 a composite number?
False
Suppose -3*i = -5*k + 164363, -146*k = -151*k + 5*i + 164375. Is k prime?
True
Let w = -1561 - -797. Is (w/8)/((-5)/10) prime?
True
Let w(c) = -2*c**3 - 11*c**2 - 5*c + 1. Let x be w(-5). Is 0 + -4 + 4380 - (x - -2) a composite number?
False
Suppose 4*k + 19 = -b, 4*k + 16 = -5*b + 1. Let r = -3 - k. Suppose -420 = -r*f + 106. Is f composite?
False
Let v = -12918 - -15211. Is v composite?
False
Let d(y) = -4513*y + 1162. Is d(-37) a prime number?
True
Let h be 16599 + 1*0/(-7). Suppose -15*t = -12*t - h. Is t a prime number?
False
Let d = 170785 - 89174. Is d a composite number?
False
Let w(c) = c**3 + 7*c**2 + 8*c - 2. Let u be w(-6). Let a(j) = 37 - 123*j - 72*j - 26. Is a(u) prime?
True
Let j be -347*1*-3018 - 24/(-8). Is j/693 + (-4)/22 composite?
False
Let g be 1378/351 + 6/81. Suppose g*x + 28224 = 4*w, 4*w - 21931 = 5*x + 6288. Is w a prime number?
False
Let g(q) = 58*q + 208. Let p be g(-18). Let n = -649 - p. Is n prime?
False
Suppose 4*r - 3 = 3*h, r + 3 = 5*h + 25. Let z(o) = -o**2 - 6*o - 7. Let t be z(r). Suppose -t*u + 6928 = 2142. Is u a prime number?
True
Let z = -8 - -13. Suppose 5*x - 210 + 30 = 0. Suppose -z*p + x = -74. Is p a composite number?
True
Let x(j) = -3*j + 32. Let v be x(6). Let h(y) = 40*y**2 - v*y + 6 + 15*y + 10*y**2. Is h(-3) composite?
True
Suppose 134618 = 92*z - 748490. Is z a composite number?
True
Let q(l) = -l**3 + 72*l**2 + 75*l - 203. Is q(38) a composite number?
True
Suppose -4*t + 26 = -6. Let o(p) be the second derivative of -p**5/20 + 17*p**4/12 + 7*p**3/6 - 3*p**2/2 + 4807*p. Is o(t) prime?
False
Let j be (-69250)/(-6) - (-2)/(-3). Suppose -7*q - 2643 + 2783 = 0. Is j/15 - 8/q a composite number?
False
Let q = 108674 - 49785. Is q a prime number?
True
Let c be -31 - (-3 - 35/(-10))*-10. Let a(h) = -h**3 - 27*h**2 - 30*h - 15. Is a(c) a composite number?
False
Suppose -2*x = -3*c - 276116, 676263 = 4*x - c + 124061. Is x a composite number?
True
Let k(n) = -69*n + 812. Is k(11) a composite number?
False
Let g = -1488 + -567. Let h = g + 3416. Is h composite?
False
Suppose -9*i = 7*i - 574670 - 152482. Is i a prime number?
False
Let o = 594981 + -355792. Is o a prime number?
False
Suppose -720 = -9*c + 4*c. Suppose 139*i - c*i + 5435 = 0. Is i prime?
True
Suppose 3*h = g - 44, 0 = -5*h + 4*g - 27 - 51. Let p = h - -12. Is p/4*(13 + -147) composite?
False
Is -54789*(435/63 + -7) a prime number?
False
Let y(o) = -810*o - 19. Let v(i) = 3*i - 1. Let d(x) = -6*v(x) + y(x). Is d(-8) a composite number?
True
Let z(t) = -t**3 - 34*t**2 - 37*t - 131. Let q be z(-33). Is q/(-3)*(-415 - -2 - 4) prime?
True
Suppose -2393 = 2*i - 371. Let r = i - -2126. Is r prime?
False
Suppose 4*y = -y - 265. Let w = 48 + y. Let q(n) = -127*n + 6. Is q(w) prime?
True
Let i = -496 + 1098. Let l(h) = h**2 - 9*h - 8. Let d be l(10). Suppose -4*j + i = d*o, j = 3*j - 2*o - 292. Is j composite?
False
Let q = -3619 - -7042. Suppose -58*z = -61*z + q. Is z a composite number?
True
Let m(b) = -274*b - 114. Let p be m(-7). Suppose -2*f = -2*y + p, f - 2701 = -3*y - f. Is y composite?
True
Let y(x) = 6*x**2 - 11*x - 14. Let k be y(11). Let h(m) = -m**3 + 11*m**2 + 23*m + 8. Let v be h(10). Let c = k - v. Is c a prime number?
False
Let h(y) = 4*y**3 + 4*y**2 - 2*y - 7. Let t be -3 + 3 + (-10)/(-2) + -3. Suppose -4*g = t*g - 18. Is h(g) a prime number?
True
Let g be 5265/9 - (2 + 2 + -6). Is g/3*(-36)/(-12) prime?
True
Let d(i) = 8*i**3 + 2*i**2 + 6*i - 5. Suppose 2*p - 3 - 1 = 0. Suppose -p = 2*b, 5*v + 2*b = -0 + 18. Is d(v) a composite number?
False
Let d(s) = -2*s - 1. Let t(n) = 11*n**2 - 4*n - 59. Let u(g) = -5*d(g) + t(g). Is u(13) a composite number?
True
Suppose -7*q - 98 - 28 = 0. Let p = q - -21. Suppose 3*r - 7*r - 653 = -p*l, -2*r - 10 = 0. Is l a prime number?
True
Let w be 3/(4*3/96*-6). Is ((-26)/w)/((-47444)/5272 + 9) a prime number?
False
Suppose 4*g = m + 16, 3*g - 4 = 2*g - 2*m. Suppose -g*b = 2*b - 13242. Is b a composite number?
False
Let c = 39 + -40. Let o(b) = -3*b**3 + b**2 + 2*b. Let f be o(c). Suppose -f*d = d - 573. Is d prime?
True
Suppose -12*a + 15*a = -27. Is 5 + a + (18276 - 3) a prime number?
True
Let z(a) = -2*a + 262. Let g be (-2)/(-7) - 2890/70. Let w = 41 + g. Is z(w) composite?
True
Is ((-1846926)/24)/((-33)/44) a prime number?
True
Let k = 1146 - -3152. Suppose 711 = -x + k. Is x prime?
False
Suppose 112755 + 500205 = 40*u. Let b = u + -7753. Is b a prime number?
False
Is ((-3)/9)/(-1 - 10186524/(-10186533)) prime?
False
Let h(d) = -4*d + 26. Let z be h(6). Is (6997 - (-32)/(-8)) + z a prime number?
False
Let c = 95765 - -17316. Is c a composite number?
False
Suppose -v + 5*v - 444 = 0. Suppose 3*b = -p - 4, 3*b + 3 - 31 = -5*p. Is (v/12)/(2/p) a composite number?
False
Suppose 4*l + 13386 - 290633 = r, -2*l - 6*r = -138656. Is l a prime number?
True
Let p(b) = -41*b + 196*b**3 + 29 + 32*b - b. Is p(4) composite?
True
Let u(f) = f**2 - 21*f + 39. Let x be u(18). Let c(w) = -46*w + 11. Is c(x) prime?
True
Let u(i) = -8*i**3 + 18*i**2 - 36*i + 38. Let c be u(14). Is ((-3)/(-2))/(18875/c - -1) a composite number?
False
Suppose -4*g = -u - 2058855, u - 514710 = -30*g + 29*g. Is g a prime number?
False
Suppose 4*z - 20 = -i, 2*z = -0*z + 10. Suppose 3*q - 12 - 6 = i. Is 3676/q*(-3)/(-2) composite?
False
Suppose 574840 = 2*l - 5*n, 0 = -5*l + 5*n + 1111224 + 325921. Is l a composite number?
True
Let f(w) = -4533*w - 1418. Is f(-5) prime?
True
Let i be (1 - (3 + -3 + 1))/2. Suppose i = -5*d + 2*d + 2616. Suppose -m = 5*c - 804, -3*m + 1524 = -c - d. Is m composite?
True
Suppose -3*c = -5*h - 9 + 32, 2*h - c - 9 = 0. Suppose -5*q - w + 15 = 0, h*q + 4*w - 2 = 26. Suppose -q*i - 9*i = -1441. Is i composite?
False
Let r(a) = 928*a - 68. Let z be r(-6). Let q be 3*12/(-9)*z/8. Is q*(-2 + 5/2) a composite number?
False
Let j = 41 - 36. Suppose 1090 = 2*w - 2*i, -2*i + 4*i + 2713 = j*w. Is w a composite number?
False
Suppose -5*k - h = -27, -2*h - 11 = k - 20. Suppose -2*p + 5*f + 2347 = 0, -7*p = -5*p + k*f - 2337. Is p composite?
False
Let w = -82 - -87. Suppose 25 = -w*r + 70. Suppose -p - 440 = -r*p. Is p a composite number?
True
Suppose -9*m = -121 - 59. Let r be m/50 - 26/(-10). Suppose -r*o - 4328 = -4*c + 2*o, -3*c + o = -3257. Is c composite?
False
Suppose -4*b + 2*y = -174632, -43*b - 4*y = -37*b - 261990. Is b a composite number?
False
Let v(p) = 20*p**3 + 4*p**2 - 26*p + 61. Is v(8) a composite number?
True
Let j(x) = -13*x**2 + x**3 + 4*x**2 + 35 